{"id":26782,"date":"2026-04-17T10:07:22","date_gmt":"2026-04-17T10:07:22","guid":{"rendered":"https:\/\/studium-und-dann.com\/?page_id=26782"},"modified":"2026-04-17T10:14:49","modified_gmt":"2026-04-17T10:14:49","slug":"vivian-upmann","status":"publish","type":"page","link":"https:\/\/studium-und-dann.com\/?page_id=26782","title":{"rendered":"Vivian Upmann"},"content":{"rendered":"<p>[vc_row][vc_column][vc_single_image image=&#8220;26778&#8243; alignment=&#8220;center&#8220; style=&#8220;vc_box_circle&#8220;][\/vc_column][\/vc_row][vc_row][vc_column][vc_column_text css=&#8220;.vc_custom_1776420771017{background-color: #eeee22 !important;}&#8220;]<\/p>\n<p style=\"text-align: center;\"><strong>Vivian Upmann<\/strong><br \/>\n<em>Moderatorin &amp; Podcast-Dozentin<\/em><br \/>\n<em>Expertin f\u00fcr Moderation, Interviewf\u00fchrung und Format-Entwicklung<\/em><\/p>\n<p>[\/vc_column_text][\/vc_column][\/vc_row][vc_row][vc_column][vc_column_text]<\/p>\n<h3>Kuratorin f\u00fcr:<\/h3>\n<p><strong>Moderation, Interview-F\u00fchrung und Format-Entwicklung<span class=\"Apple-converted-space\">\u00a0<\/span><\/strong>[\/vc_column_text][\/vc_column][\/vc_row][vc_row][vc_column][vc_column_text]Die Stimme ist ihr wichtigstes Instrument: Vivian Upmann <strong>moderiert sowohl Podcasts als auch Gro\u00dfveranstaltungen<\/strong>, spricht H\u00f6rb\u00fccher ein und arbeitet als <strong>freiberufliche Dozentin<\/strong> f\u00fcr und mit Hochschulen, Stiftungen, Verb\u00e4nde aber auch Unternehmen. Seitdem sie vor mehr als 15 Jahren mit ihrer Arbeit als Radioredakteurin und TV-Korrespondentin begonnen hat, hat sie das Mikrofon nicht mehr aus der Hand gelegt.<\/p>\n<p>Podcasts moderiert sie vor allem in den Bereichen <strong>Bildung und Wissenschaft<\/strong>. Im Kuratorium b\u00fcndelt sie ihre langj\u00e4hrige redaktionelle Erfahrung mit Wissen als Moderations- und Kommunikationstrainerin. Sie <strong>ber\u00e4t zu Interviewtechniken, Gespr\u00e4chsf\u00fchrung, Moderation und passenden Podcastformen<\/strong>.<\/p>\n<p>Vivian ist sich sicher, dass Podcasts Geh\u00f6r finden. Zu ihrer <strong>Weiterbildung<\/strong> <a href=\"https:\/\/vivianupmann.de\/stimme-zeigen-moderieredeinen-eigenen-podcast\">\u201eStimme zeigen &#8211; das 1&#215;1 einer professionellen Podcastmoderation&#8220;<\/a> reisen regelm\u00e4\u00dfig Teilnehmende aus ganz Deutschland zu ihr ans Meer und absolvieren einen f\u00fcnft\u00e4gigen <strong>Bildungsurlaub<\/strong> in Timmendorfer Strand. Auch in ihrer Rolle als freiberufliche Kommunikationstrainerin setzt Vivian auf die Weiterbildung der eigenen Stimme und auf Kommunikation als Schl\u00fcsselqualifikation. An Bord von Finnlines bietet sie auch <a href=\"https:\/\/www.finnlines.com\/de\/passagiere\/ angebote-fuer-faehrreisen\/mini-kreuzfahrt\/cruise-communicate\/\">Weiterbildungen auf dem Weg von Travem\u00fcnde nach Helsinki<\/a> an.<\/p>\n<p>Referenzen: <a href=\"https:\/\/vivianupmann.de\/referenzen\/\">https:\/\/vivianupmann.de\/referenzen\/<\/a>[\/vc_column_text][\/vc_column][\/vc_row]<\/p>\n","protected":false},"excerpt":{"rendered":"<p>[vc_row][vc_column][vc_single_image image=&#8220;26778&#8243; alignment=&#8220;center&#8220; style=&#8220;vc_box_circle&#8220;][\/vc_column][\/vc_row][vc_row][vc_column][vc_column_text css=&#8220;.vc_custom_1776420771017{background-color: #eeee22 !important;}&#8220;] Vivian Upmann Moderatorin &amp; Podcast-Dozentin Expertin f\u00fcr Moderation, Interviewf\u00fchrung und Format-Entwicklung [\/vc_column_text][\/vc_column][\/vc_row][vc_row][vc_column][vc_column_text] Kuratorin f\u00fcr: Moderation, Interview-F\u00fchrung und Format-Entwicklung\u00a0[\/vc_column_text][\/vc_column][\/vc_row][vc_row][vc_column][vc_column_text]Die Stimme ist ihr wichtigstes Instrument: Vivian Upmann moderiert sowohl Podcasts als auch Gro\u00dfveranstaltungen, spricht H\u00f6rb\u00fccher ein und arbeitet als freiberufliche Dozentin f\u00fcr und mit Hochschulen, [&#8230;]<\/p>\n","protected":false},"author":14,"featured_media":7860,"parent":0,"menu_order":0,"comment_status":"closed","ping_status":"closed","template":"","meta":{"footnotes":""},"class_list":["post-26782","page","type-page","status-publish","has-post-thumbnail","hentry"],"yoast_head":"<!-- This site is optimized with the Yoast SEO plugin v27.4 - https:\/\/yoast.com\/product\/yoast-seo-wordpress\/ -->\n<title>Vivian Upmann - STUDIUM &amp; DANN?<\/title>\n<meta name=\"robots\" content=\"index, follow, max-snippet:-1, max-image-preview:large, max-video-preview:-1\" \/>\n<link rel=\"canonical\" href=\"https:\/\/studium-und-dann.com\/?page_id=26782\" \/>\n<meta property=\"og:locale\" content=\"de_DE\" \/>\n<meta property=\"og:type\" content=\"article\" \/>\n<meta property=\"og:title\" content=\"Vivian Upmann - STUDIUM &amp; DANN?\" \/>\n<meta property=\"og:description\" content=\"[vc_row][vc_column][vc_single_image image=&#8220;26778&#8243; alignment=&#8220;center&#8220; style=&#8220;vc_box_circle&#8220;][\/vc_column][\/vc_row][vc_row][vc_column][vc_column_text css=&#8220;.vc_custom_1776420771017{background-color: #eeee22 !important;}&#8220;] Vivian Upmann Moderatorin &amp; Podcast-Dozentin Expertin f\u00fcr Moderation, Interviewf\u00fchrung und Format-Entwicklung [\/vc_column_text][\/vc_column][\/vc_row][vc_row][vc_column][vc_column_text] Kuratorin f\u00fcr: Moderation, Interview-F\u00fchrung und Format-Entwicklung\u00a0[\/vc_column_text][\/vc_column][\/vc_row][vc_row][vc_column][vc_column_text]Die Stimme ist ihr wichtigstes Instrument: Vivian Upmann moderiert sowohl Podcasts als auch Gro\u00dfveranstaltungen, spricht H\u00f6rb\u00fccher ein und arbeitet als freiberufliche Dozentin f\u00fcr und mit Hochschulen, [...]\" \/>\n<meta property=\"og:url\" content=\"https:\/\/studium-und-dann.com\/?page_id=26782\" \/>\n<meta property=\"og:site_name\" content=\"STUDIUM &amp; DANN?\" \/>\n<meta property=\"article:modified_time\" content=\"2026-04-17T10:14:49+00:00\" \/>\n<meta property=\"og:image\" content=\"https:\/\/studium-und-dann.com\/wp-content\/uploads\/2025\/12\/6.jpg\" \/>\n\t<meta property=\"og:image:width\" content=\"1660\" \/>\n\t<meta property=\"og:image:height\" content=\"790\" \/>\n\t<meta property=\"og:image:type\" content=\"image\/jpeg\" \/>\n<meta name=\"twitter:card\" content=\"summary_large_image\" \/>\n<meta name=\"twitter:label1\" content=\"Gesch\u00e4tzte Lesezeit\" \/>\n\t<meta name=\"twitter:data1\" content=\"2\u00a0Minuten\" \/>\n<script type=\"application\/ld+json\" class=\"yoast-schema-graph\">{\"@context\":\"https:\\\/\\\/schema.org\",\"@graph\":[{\"@type\":\"WebPage\",\"@id\":\"https:\\\/\\\/studium-und-dann.com\\\/?page_id=26782\",\"url\":\"https:\\\/\\\/studium-und-dann.com\\\/?page_id=26782\",\"name\":\"Vivian Upmann - STUDIUM &amp; DANN?\",\"isPartOf\":{\"@id\":\"https:\\\/\\\/studium-und-dann.com\\\/#website\"},\"primaryImageOfPage\":{\"@id\":\"https:\\\/\\\/studium-und-dann.com\\\/?page_id=26782#primaryimage\"},\"image\":{\"@id\":\"https:\\\/\\\/studium-und-dann.com\\\/?page_id=26782#primaryimage\"},\"thumbnailUrl\":\"https:\\\/\\\/studium-und-dann.com\\\/wp-content\\\/uploads\\\/2025\\\/12\\\/6.jpg\",\"datePublished\":\"2026-04-17T10:07:22+00:00\",\"dateModified\":\"2026-04-17T10:14:49+00:00\",\"breadcrumb\":{\"@id\":\"https:\\\/\\\/studium-und-dann.com\\\/?page_id=26782#breadcrumb\"},\"inLanguage\":\"de\",\"potentialAction\":[{\"@type\":\"ReadAction\",\"target\":[\"https:\\\/\\\/studium-und-dann.com\\\/?page_id=26782\"]}]},{\"@type\":\"ImageObject\",\"inLanguage\":\"de\",\"@id\":\"https:\\\/\\\/studium-und-dann.com\\\/?page_id=26782#primaryimage\",\"url\":\"https:\\\/\\\/studium-und-dann.com\\\/wp-content\\\/uploads\\\/2025\\\/12\\\/6.jpg\",\"contentUrl\":\"https:\\\/\\\/studium-und-dann.com\\\/wp-content\\\/uploads\\\/2025\\\/12\\\/6.jpg\",\"width\":1660,\"height\":790},{\"@type\":\"BreadcrumbList\",\"@id\":\"https:\\\/\\\/studium-und-dann.com\\\/?page_id=26782#breadcrumb\",\"itemListElement\":[{\"@type\":\"ListItem\",\"position\":1,\"name\":\"Start\",\"item\":\"https:\\\/\\\/studium-und-dann.com\\\/\"},{\"@type\":\"ListItem\",\"position\":2,\"name\":\"Vivian Upmann\"}]},{\"@type\":\"WebSite\",\"@id\":\"https:\\\/\\\/studium-und-dann.com\\\/#website\",\"url\":\"https:\\\/\\\/studium-und-dann.com\\\/\",\"name\":\"STUDIUM &amp; DANN?\",\"description\":\"Podcasts zur Berufsorientierung\",\"potentialAction\":[{\"@type\":\"SearchAction\",\"target\":{\"@type\":\"EntryPoint\",\"urlTemplate\":\"https:\\\/\\\/studium-und-dann.com\\\/?s={search_term_string}\"},\"query-input\":{\"@type\":\"PropertyValueSpecification\",\"valueRequired\":true,\"valueName\":\"search_term_string\"}}],\"inLanguage\":\"de\"}]}<\/script>\n<!-- \/ Yoast SEO plugin. -->","yoast_head_json":{"title":"Vivian Upmann - STUDIUM &amp; DANN?","robots":{"index":"index","follow":"follow","max-snippet":"max-snippet:-1","max-image-preview":"max-image-preview:large","max-video-preview":"max-video-preview:-1"},"canonical":"https:\/\/studium-und-dann.com\/?page_id=26782","og_locale":"de_DE","og_type":"article","og_title":"Vivian Upmann - STUDIUM &amp; DANN?","og_description":"[vc_row][vc_column][vc_single_image image=&#8220;26778&#8243; alignment=&#8220;center&#8220; style=&#8220;vc_box_circle&#8220;][\/vc_column][\/vc_row][vc_row][vc_column][vc_column_text css=&#8220;.vc_custom_1776420771017{background-color: #eeee22 !important;}&#8220;] Vivian Upmann Moderatorin &amp; Podcast-Dozentin Expertin f\u00fcr Moderation, Interviewf\u00fchrung und Format-Entwicklung [\/vc_column_text][\/vc_column][\/vc_row][vc_row][vc_column][vc_column_text] Kuratorin f\u00fcr: Moderation, Interview-F\u00fchrung und Format-Entwicklung\u00a0[\/vc_column_text][\/vc_column][\/vc_row][vc_row][vc_column][vc_column_text]Die Stimme ist ihr wichtigstes Instrument: Vivian Upmann moderiert sowohl Podcasts als auch Gro\u00dfveranstaltungen, spricht H\u00f6rb\u00fccher ein und arbeitet als freiberufliche Dozentin f\u00fcr und mit Hochschulen, [...]","og_url":"https:\/\/studium-und-dann.com\/?page_id=26782","og_site_name":"STUDIUM &amp; DANN?","article_modified_time":"2026-04-17T10:14:49+00:00","og_image":[{"width":1660,"height":790,"url":"https:\/\/studium-und-dann.com\/wp-content\/uploads\/2025\/12\/6.jpg","type":"image\/jpeg"}],"twitter_card":"summary_large_image","twitter_misc":{"Gesch\u00e4tzte Lesezeit":"2\u00a0Minuten"},"schema":{"@context":"https:\/\/schema.org","@graph":[{"@type":"WebPage","@id":"https:\/\/studium-und-dann.com\/?page_id=26782","url":"https:\/\/studium-und-dann.com\/?page_id=26782","name":"Vivian Upmann - STUDIUM &amp; DANN?","isPartOf":{"@id":"https:\/\/studium-und-dann.com\/#website"},"primaryImageOfPage":{"@id":"https:\/\/studium-und-dann.com\/?page_id=26782#primaryimage"},"image":{"@id":"https:\/\/studium-und-dann.com\/?page_id=26782#primaryimage"},"thumbnailUrl":"https:\/\/studium-und-dann.com\/wp-content\/uploads\/2025\/12\/6.jpg","datePublished":"2026-04-17T10:07:22+00:00","dateModified":"2026-04-17T10:14:49+00:00","breadcrumb":{"@id":"https:\/\/studium-und-dann.com\/?page_id=26782#breadcrumb"},"inLanguage":"de","potentialAction":[{"@type":"ReadAction","target":["https:\/\/studium-und-dann.com\/?page_id=26782"]}]},{"@type":"ImageObject","inLanguage":"de","@id":"https:\/\/studium-und-dann.com\/?page_id=26782#primaryimage","url":"https:\/\/studium-und-dann.com\/wp-content\/uploads\/2025\/12\/6.jpg","contentUrl":"https:\/\/studium-und-dann.com\/wp-content\/uploads\/2025\/12\/6.jpg","width":1660,"height":790},{"@type":"BreadcrumbList","@id":"https:\/\/studium-und-dann.com\/?page_id=26782#breadcrumb","itemListElement":[{"@type":"ListItem","position":1,"name":"Start","item":"https:\/\/studium-und-dann.com\/"},{"@type":"ListItem","position":2,"name":"Vivian Upmann"}]},{"@type":"WebSite","@id":"https:\/\/studium-und-dann.com\/#website","url":"https:\/\/studium-und-dann.com\/","name":"STUDIUM &amp; DANN?","description":"Podcasts zur Berufsorientierung","potentialAction":[{"@type":"SearchAction","target":{"@type":"EntryPoint","urlTemplate":"https:\/\/studium-und-dann.com\/?s={search_term_string}"},"query-input":{"@type":"PropertyValueSpecification","valueRequired":true,"valueName":"search_term_string"}}],"inLanguage":"de"}]}},"_links":{"self":[{"href":"https:\/\/studium-und-dann.com\/index.php?rest_route=\/wp\/v2\/pages\/26782","targetHints":{"allow":["GET"]}}],"collection":[{"href":"https:\/\/studium-und-dann.com\/index.php?rest_route=\/wp\/v2\/pages"}],"about":[{"href":"https:\/\/studium-und-dann.com\/index.php?rest_route=\/wp\/v2\/types\/page"}],"author":[{"embeddable":true,"href":"https:\/\/studium-und-dann.com\/index.php?rest_route=\/wp\/v2\/users\/14"}],"replies":[{"embeddable":true,"href":"https:\/\/studium-und-dann.com\/index.php?rest_route=%2Fwp%2Fv2%2Fcomments&post=26782"}],"version-history":[{"count":8,"href":"https:\/\/studium-und-dann.com\/index.php?rest_route=\/wp\/v2\/pages\/26782\/revisions"}],"predecessor-version":[{"id":26792,"href":"https:\/\/studium-und-dann.com\/index.php?rest_route=\/wp\/v2\/pages\/26782\/revisions\/26792"}],"wp:featuredmedia":[{"embeddable":true,"href":"https:\/\/studium-und-dann.com\/index.php?rest_route=\/wp\/v2\/media\/7860"}],"wp:attachment":[{"href":"https:\/\/studium-und-dann.com\/index.php?rest_route=%2Fwp%2Fv2%2Fmedia&parent=26782"}],"curies":[{"name":"wp","href":"https:\/\/api.w.org\/{rel}","templated":true}]}}