{"id":351,"date":"2025-08-27T19:03:27","date_gmt":"2025-08-27T19:03:27","guid":{"rendered":"https:\/\/studium-und-dann.com\/?page_id=351"},"modified":"2025-09-28T03:41:53","modified_gmt":"2025-09-28T03:41:53","slug":"stellenboersen","status":"publish","type":"page","link":"https:\/\/studium-und-dann.com\/?page_id=351","title":{"rendered":"Stellenb\u00f6rsen"},"content":{"rendered":"<p>[vc_row][vc_column][vc_column_text]<\/p>\r\n<p>Wir bringen unseren Podcast &#8222;Studium und dann?&#8220; dorthin, wo die Generation Z und Studierende aktiv nach ihrem Karriereweg suchen: <strong>in Stellenb\u00f6rsen.<\/strong><br \/>Durch die exklusive Einbindung des MP3-Players oder redaktionelle Einbindungen unseres Episoden werden Arbeitgeber:innen mit authentischen Stimmen ihrer Mitarbeiter:innen unmittelbar h\u00f6rbar.<br \/>So schaffen wir N\u00e4he, Orientierung und Vertrauen \u2013 genau in dem Moment, in dem Studierende, Absolvent:innen und Fachkr\u00e4fte \u00fcber ihre n\u00e4chsten Schritte entscheiden.<\/p>\r\n\r\n\r\n\r\n<h3 class=\"wp-block-heading\">Auf folgenden Stellenb\u00f6rsen sind wir vertreten<\/h3>\r\n\r\n\r\n\r\n<p>www.uni-stellenboersen.de<br \/>www.jobverde.de<\/p>\r\n\r\n\r\n\r\n\r\n\r\n<p>&nbsp;<\/p>\r\n<p>[\/vc_column_text][\/vc_column][\/vc_row]<\/p>","protected":false},"excerpt":{"rendered":"<p>[vc_row][vc_column][vc_column_text] Wir bringen unseren Podcast &#8222;Studium und dann?&#8220; dorthin, wo die Generation Z und Studierende aktiv nach ihrem Karriereweg suchen: in Stellenb\u00f6rsen.Durch die exklusive Einbindung des MP3-Players oder redaktionelle Einbindungen unseres Episoden werden Arbeitgeber:innen mit authentischen Stimmen ihrer Mitarbeiter:innen unmittelbar h\u00f6rbar.So schaffen wir N\u00e4he, Orientierung und Vertrauen \u2013 genau in [&#8230;]<\/p>\n","protected":false},"author":1,"featured_media":548,"parent":0,"menu_order":0,"comment_status":"closed","ping_status":"closed","template":"","meta":{"footnotes":""},"class_list":["post-351","page","type-page","status-publish","has-post-thumbnail","hentry"],"yoast_head":"<!-- This site is optimized with the Yoast SEO plugin v27.4 - https:\/\/yoast.com\/product\/yoast-seo-wordpress\/ -->\n<title>Stellenb\u00f6rsen - STUDIUM &amp; DANN?<\/title>\n<meta name=\"robots\" content=\"index, follow, max-snippet:-1, max-image-preview:large, max-video-preview:-1\" \/>\n<link rel=\"canonical\" href=\"https:\/\/studium-und-dann.com\/?page_id=351\" \/>\n<meta property=\"og:locale\" content=\"de_DE\" \/>\n<meta property=\"og:type\" content=\"article\" \/>\n<meta property=\"og:title\" content=\"Stellenb\u00f6rsen - STUDIUM &amp; DANN?\" \/>\n<meta property=\"og:description\" content=\"[vc_row][vc_column][vc_column_text] Wir bringen unseren Podcast &#8222;Studium und dann?&#8220; dorthin, wo die Generation Z und Studierende aktiv nach ihrem Karriereweg suchen: in Stellenb\u00f6rsen.Durch die exklusive Einbindung des MP3-Players oder redaktionelle Einbindungen unseres Episoden werden Arbeitgeber:innen mit authentischen Stimmen ihrer Mitarbeiter:innen unmittelbar h\u00f6rbar.So schaffen wir N\u00e4he, Orientierung und Vertrauen \u2013 genau in [...]\" \/>\n<meta property=\"og:url\" content=\"https:\/\/studium-und-dann.com\/?page_id=351\" \/>\n<meta property=\"og:site_name\" content=\"STUDIUM &amp; DANN?\" \/>\n<meta property=\"article:modified_time\" content=\"2025-09-28T03:41:53+00:00\" \/>\n<meta property=\"og:image\" content=\"https:\/\/studium-und-dann.com\/wp-content\/uploads\/2025\/09\/Zwischentitel-23.jpg\" \/>\n\t<meta property=\"og:image:width\" content=\"1800\" \/>\n\t<meta property=\"og:image:height\" content=\"600\" \/>\n\t<meta property=\"og:image:type\" content=\"image\/jpeg\" \/>\n<meta name=\"twitter:card\" content=\"summary_large_image\" \/>\n<script type=\"application\/ld+json\" class=\"yoast-schema-graph\">{\"@context\":\"https:\\\/\\\/schema.org\",\"@graph\":[{\"@type\":\"WebPage\",\"@id\":\"https:\\\/\\\/studium-und-dann.com\\\/?page_id=351\",\"url\":\"https:\\\/\\\/studium-und-dann.com\\\/?page_id=351\",\"name\":\"Stellenb\u00f6rsen - STUDIUM &amp; DANN?\",\"isPartOf\":{\"@id\":\"https:\\\/\\\/studium-und-dann.com\\\/#website\"},\"primaryImageOfPage\":{\"@id\":\"https:\\\/\\\/studium-und-dann.com\\\/?page_id=351#primaryimage\"},\"image\":{\"@id\":\"https:\\\/\\\/studium-und-dann.com\\\/?page_id=351#primaryimage\"},\"thumbnailUrl\":\"https:\\\/\\\/studium-und-dann.com\\\/wp-content\\\/uploads\\\/2025\\\/09\\\/Zwischentitel-23.jpg\",\"datePublished\":\"2025-08-27T19:03:27+00:00\",\"dateModified\":\"2025-09-28T03:41:53+00:00\",\"breadcrumb\":{\"@id\":\"https:\\\/\\\/studium-und-dann.com\\\/?page_id=351#breadcrumb\"},\"inLanguage\":\"de\",\"potentialAction\":[{\"@type\":\"ReadAction\",\"target\":[\"https:\\\/\\\/studium-und-dann.com\\\/?page_id=351\"]}]},{\"@type\":\"ImageObject\",\"inLanguage\":\"de\",\"@id\":\"https:\\\/\\\/studium-und-dann.com\\\/?page_id=351#primaryimage\",\"url\":\"https:\\\/\\\/studium-und-dann.com\\\/wp-content\\\/uploads\\\/2025\\\/09\\\/Zwischentitel-23.jpg\",\"contentUrl\":\"https:\\\/\\\/studium-und-dann.com\\\/wp-content\\\/uploads\\\/2025\\\/09\\\/Zwischentitel-23.jpg\",\"width\":1800,\"height\":600},{\"@type\":\"BreadcrumbList\",\"@id\":\"https:\\\/\\\/studium-und-dann.com\\\/?page_id=351#breadcrumb\",\"itemListElement\":[{\"@type\":\"ListItem\",\"position\":1,\"name\":\"Start\",\"item\":\"https:\\\/\\\/studium-und-dann.com\\\/\"},{\"@type\":\"ListItem\",\"position\":2,\"name\":\"Stellenb\u00f6rsen\"}]},{\"@type\":\"WebSite\",\"@id\":\"https:\\\/\\\/studium-und-dann.com\\\/#website\",\"url\":\"https:\\\/\\\/studium-und-dann.com\\\/\",\"name\":\"STUDIUM &amp; DANN?\",\"description\":\"Podcasts zur Berufsorientierung\",\"potentialAction\":[{\"@type\":\"SearchAction\",\"target\":{\"@type\":\"EntryPoint\",\"urlTemplate\":\"https:\\\/\\\/studium-und-dann.com\\\/?s={search_term_string}\"},\"query-input\":{\"@type\":\"PropertyValueSpecification\",\"valueRequired\":true,\"valueName\":\"search_term_string\"}}],\"inLanguage\":\"de\"}]}<\/script>\n<!-- \/ Yoast SEO plugin. -->","yoast_head_json":{"title":"Stellenb\u00f6rsen - STUDIUM &amp; DANN?","robots":{"index":"index","follow":"follow","max-snippet":"max-snippet:-1","max-image-preview":"max-image-preview:large","max-video-preview":"max-video-preview:-1"},"canonical":"https:\/\/studium-und-dann.com\/?page_id=351","og_locale":"de_DE","og_type":"article","og_title":"Stellenb\u00f6rsen - STUDIUM &amp; DANN?","og_description":"[vc_row][vc_column][vc_column_text] Wir bringen unseren Podcast &#8222;Studium und dann?&#8220; dorthin, wo die Generation Z und Studierende aktiv nach ihrem Karriereweg suchen: in Stellenb\u00f6rsen.Durch die exklusive Einbindung des MP3-Players oder redaktionelle Einbindungen unseres Episoden werden Arbeitgeber:innen mit authentischen Stimmen ihrer Mitarbeiter:innen unmittelbar h\u00f6rbar.So schaffen wir N\u00e4he, Orientierung und Vertrauen \u2013 genau in [...]","og_url":"https:\/\/studium-und-dann.com\/?page_id=351","og_site_name":"STUDIUM &amp; DANN?","article_modified_time":"2025-09-28T03:41:53+00:00","og_image":[{"width":1800,"height":600,"url":"https:\/\/studium-und-dann.com\/wp-content\/uploads\/2025\/09\/Zwischentitel-23.jpg","type":"image\/jpeg"}],"twitter_card":"summary_large_image","schema":{"@context":"https:\/\/schema.org","@graph":[{"@type":"WebPage","@id":"https:\/\/studium-und-dann.com\/?page_id=351","url":"https:\/\/studium-und-dann.com\/?page_id=351","name":"Stellenb\u00f6rsen - STUDIUM &amp; DANN?","isPartOf":{"@id":"https:\/\/studium-und-dann.com\/#website"},"primaryImageOfPage":{"@id":"https:\/\/studium-und-dann.com\/?page_id=351#primaryimage"},"image":{"@id":"https:\/\/studium-und-dann.com\/?page_id=351#primaryimage"},"thumbnailUrl":"https:\/\/studium-und-dann.com\/wp-content\/uploads\/2025\/09\/Zwischentitel-23.jpg","datePublished":"2025-08-27T19:03:27+00:00","dateModified":"2025-09-28T03:41:53+00:00","breadcrumb":{"@id":"https:\/\/studium-und-dann.com\/?page_id=351#breadcrumb"},"inLanguage":"de","potentialAction":[{"@type":"ReadAction","target":["https:\/\/studium-und-dann.com\/?page_id=351"]}]},{"@type":"ImageObject","inLanguage":"de","@id":"https:\/\/studium-und-dann.com\/?page_id=351#primaryimage","url":"https:\/\/studium-und-dann.com\/wp-content\/uploads\/2025\/09\/Zwischentitel-23.jpg","contentUrl":"https:\/\/studium-und-dann.com\/wp-content\/uploads\/2025\/09\/Zwischentitel-23.jpg","width":1800,"height":600},{"@type":"BreadcrumbList","@id":"https:\/\/studium-und-dann.com\/?page_id=351#breadcrumb","itemListElement":[{"@type":"ListItem","position":1,"name":"Start","item":"https:\/\/studium-und-dann.com\/"},{"@type":"ListItem","position":2,"name":"Stellenb\u00f6rsen"}]},{"@type":"WebSite","@id":"https:\/\/studium-und-dann.com\/#website","url":"https:\/\/studium-und-dann.com\/","name":"STUDIUM &amp; DANN?","description":"Podcasts zur Berufsorientierung","potentialAction":[{"@type":"SearchAction","target":{"@type":"EntryPoint","urlTemplate":"https:\/\/studium-und-dann.com\/?s={search_term_string}"},"query-input":{"@type":"PropertyValueSpecification","valueRequired":true,"valueName":"search_term_string"}}],"inLanguage":"de"}]}},"_links":{"self":[{"href":"https:\/\/studium-und-dann.com\/index.php?rest_route=\/wp\/v2\/pages\/351","targetHints":{"allow":["GET"]}}],"collection":[{"href":"https:\/\/studium-und-dann.com\/index.php?rest_route=\/wp\/v2\/pages"}],"about":[{"href":"https:\/\/studium-und-dann.com\/index.php?rest_route=\/wp\/v2\/types\/page"}],"author":[{"embeddable":true,"href":"https:\/\/studium-und-dann.com\/index.php?rest_route=\/wp\/v2\/users\/1"}],"replies":[{"embeddable":true,"href":"https:\/\/studium-und-dann.com\/index.php?rest_route=%2Fwp%2Fv2%2Fcomments&post=351"}],"version-history":[{"count":4,"href":"https:\/\/studium-und-dann.com\/index.php?rest_route=\/wp\/v2\/pages\/351\/revisions"}],"predecessor-version":[{"id":537,"href":"https:\/\/studium-und-dann.com\/index.php?rest_route=\/wp\/v2\/pages\/351\/revisions\/537"}],"wp:featuredmedia":[{"embeddable":true,"href":"https:\/\/studium-und-dann.com\/index.php?rest_route=\/wp\/v2\/media\/548"}],"wp:attachment":[{"href":"https:\/\/studium-und-dann.com\/index.php?rest_route=%2Fwp%2Fv2%2Fmedia&parent=351"}],"curies":[{"name":"wp","href":"https:\/\/api.w.org\/{rel}","templated":true}]}}